{"id":32,"date":"2018-01-28T16:47:15","date_gmt":"2018-01-28T15:47:15","guid":{"rendered":"http:\/\/untendanses.com\/?page_id=32"},"modified":"2025-04-21T08:26:16","modified_gmt":"2025-04-21T06:26:16","slug":"a-propos","status":"publish","type":"page","link":"https:\/\/untendanses.com\/","title":{"rendered":"Accueil"},"content":{"rendered":"\t\t<div data-elementor-type=\"wp-page\" data-elementor-id=\"32\" class=\"elementor elementor-32\">\n\t\t\t\t\t\t<section class=\"elementor-section elementor-top-section elementor-element elementor-element-13d57e5 elementor-section-stretched elementor-section-boxed elementor-section-height-default elementor-section-height-default\" data-id=\"13d57e5\" data-element_type=\"section\" data-settings=\"{&quot;stretch_section&quot;:&quot;section-stretched&quot;}\">\n\t\t\t\t\t\t<div class=\"elementor-container elementor-column-gap-default\">\n\t\t\t\t\t<div class=\"elementor-column elementor-col-100 elementor-top-column elementor-element elementor-element-22451a2\" data-id=\"22451a2\" data-element_type=\"column\">\n\t\t\t<div class=\"elementor-widget-wrap elementor-element-populated\">\n\t\t\t\t\t\t<div class=\"elementor-element elementor-element-d08a8ae elementor-widget elementor-widget-heading\" data-id=\"d08a8ae\" data-element_type=\"widget\" data-widget_type=\"heading.default\">\n\t\t\t\t<div class=\"elementor-widget-container\">\n\t\t\t\t\t<h2 class=\"elementor-heading-title elementor-size-default\">1 \u00e8re pr\u00e9sentation le 02 mai 2025<\/h2>\t\t\t\t<\/div>\n\t\t\t\t<\/div>\n\t\t\t\t\t<\/div>\n\t\t<\/div>\n\t\t\t\t\t<\/div>\n\t\t<\/section>\n\t\t\t\t<section class=\"elementor-section elementor-top-section elementor-element elementor-element-6a80501 elementor-section-stretched elementor-section-boxed elementor-section-height-default elementor-section-height-default\" data-id=\"6a80501\" data-element_type=\"section\" data-settings=\"{&quot;stretch_section&quot;:&quot;section-stretched&quot;}\">\n\t\t\t\t\t\t<div class=\"elementor-container elementor-column-gap-default\">\n\t\t\t\t\t<div class=\"elementor-column elementor-col-50 elementor-top-column elementor-element elementor-element-3538bc0\" data-id=\"3538bc0\" data-element_type=\"column\">\n\t\t\t<div class=\"elementor-widget-wrap elementor-element-populated\">\n\t\t\t\t\t\t<div class=\"elementor-element elementor-element-8967c2b elementor-widget elementor-widget-image\" data-id=\"8967c2b\" data-element_type=\"widget\" data-widget_type=\"image.default\">\n\t\t\t\t<div class=\"elementor-widget-container\">\n\t\t\t\t\t\t\t\t\t\t\t\t\t\t\t<img fetchpriority=\"high\" decoding=\"async\" width=\"724\" height=\"1024\" src=\"https:\/\/untendanses.com\/wp-content\/uploads\/2025\/04\/Affiche_Oscillo-724x1024.png\" class=\"attachment-large size-large wp-image-5697\" alt=\"\" srcset=\"https:\/\/untendanses.com\/wp-content\/uploads\/2025\/04\/Affiche_Oscillo-724x1024.png 724w, https:\/\/untendanses.com\/wp-content\/uploads\/2025\/04\/Affiche_Oscillo-212x300.png 212w, https:\/\/untendanses.com\/wp-content\/uploads\/2025\/04\/Affiche_Oscillo-768x1086.png 768w, https:\/\/untendanses.com\/wp-content\/uploads\/2025\/04\/Affiche_Oscillo-543x768.png 543w, https:\/\/untendanses.com\/wp-content\/uploads\/2025\/04\/Affiche_Oscillo-1086x1536.png 1086w, https:\/\/untendanses.com\/wp-content\/uploads\/2025\/04\/Affiche_Oscillo.png 1414w\" sizes=\"(max-width: 724px) 100vw, 724px\" \/>\t\t\t\t\t\t\t\t\t\t\t\t\t\t\t<\/div>\n\t\t\t\t<\/div>\n\t\t\t\t\t<\/div>\n\t\t<\/div>\n\t\t\t\t<div class=\"elementor-column elementor-col-50 elementor-top-column elementor-element elementor-element-b2e35b9\" data-id=\"b2e35b9\" data-element_type=\"column\">\n\t\t\t<div class=\"elementor-widget-wrap elementor-element-populated\">\n\t\t\t\t\t\t<div class=\"elementor-element elementor-element-5b94fdb elementor-widget elementor-widget-text-editor\" data-id=\"5b94fdb\" data-element_type=\"widget\" data-widget_type=\"text-editor.default\">\n\t\t\t\t<div class=\"elementor-widget-container\">\n\t\t\t\t\t\t\t\t\t<p class=\"\" data-start=\"233\" data-end=\"399\"><strong data-start=\"233\" data-end=\"280\">Spectacle chor\u00e9graphique pour 5 interpr\u00e8tes<\/strong><\/p><p class=\"\" data-start=\"233\" data-end=\"399\">Cr\u00e9ation 2025 \u2013 Cie Untendanses<br data-start=\"314\" data-end=\"317\" \/><strong data-start=\"317\" data-end=\"345\">Texte : Myl\u00e8ne Fondecave<\/strong><br data-start=\"345\" data-end=\"348\" \/><strong data-start=\"348\" data-end=\"366\">Dur\u00e9e : 55 min<\/strong> \u2013 Tout public \u00e0 partir de 12 ans<\/p><p class=\"\" data-start=\"401\" data-end=\"628\"><strong data-start=\"401\" data-end=\"412\">Spirale<\/strong> est un po\u00e8me dans\u00e9, un rituel contemporain.<br data-start=\"456\" data-end=\"459\" \/>Cinq femmes traversent les plis du corps, de l\u2019ombre, du langage.<br data-start=\"524\" data-end=\"527\" \/>Elles glissent entre naissance et effondrement, entre rejet et int\u00e9gration, entre r\u00eave et r\u00e9v\u00e9lation.<\/p><p class=\"\" data-start=\"630\" data-end=\"1034\">\u00c0 partir du <strong data-start=\"642\" data-end=\"679\">processus d\u2019individuation de Jung<\/strong>, <em data-start=\"681\" data-end=\"690\">Spirale<\/em> explore les tensions intimes entre <strong data-start=\"726\" data-end=\"745\">corps et esprit.<\/strong><br data-start=\"797\" data-end=\"800\" \/>Le spectacle m\u00eale mouvements incarn\u00e9s, textes dits, souffles rituels. Chaque s\u00e9quence\u00a0est un <strong data-start=\"947\" data-end=\"968\">paysage int\u00e9rieur<\/strong>, chaque danse une mue, chaque voix une tentative de se rejoindre.<\/p><p class=\"\" data-start=\"1036\" data-end=\"1182\">Un spectacle qui interroge le \u201cmoi\u201d par le corps.<br data-start=\"1085\" data-end=\"1088\" \/>Une danse \u00a0collective pour apprivoiser l\u2019invisible.<br data-start=\"1136\" data-end=\"1139\" \/>Une spirale pour ne pas fuir, mais habiter.<\/p>\t\t\t\t\t\t\t\t<\/div>\n\t\t\t\t<\/div>\n\t\t\t\t\t<\/div>\n\t\t<\/div>\n\t\t\t\t\t<\/div>\n\t\t<\/section>\n\t\t\t\t<\/div>\n\t\t","protected":false},"excerpt":{"rendered":"<p>1 \u00e8re pr\u00e9sentation le 02 mai 2025 Spectacle chor\u00e9graphique pour 5 interpr\u00e8tes Cr\u00e9ation 2025 \u2013 Cie UntendansesTexte : Myl\u00e8ne FondecaveDur\u00e9e : 55 min \u2013 Tout public \u00e0 partir de 12 ans Spirale est un po\u00e8me dans\u00e9, un rituel contemporain.Cinq femmes traversent les plis du corps, de l\u2019ombre, du langage.Elles glissent entre naissance et effondrement, entre [&hellip;]<\/p>\n","protected":false},"author":1,"featured_media":0,"parent":0,"menu_order":1,"comment_status":"closed","ping_status":"closed","template":"","meta":{"footnotes":""},"class_list":["post-32","page","type-page","status-publish","hentry"],"_links":{"self":[{"href":"https:\/\/untendanses.com\/index.php\/wp-json\/wp\/v2\/pages\/32","targetHints":{"allow":["GET"]}}],"collection":[{"href":"https:\/\/untendanses.com\/index.php\/wp-json\/wp\/v2\/pages"}],"about":[{"href":"https:\/\/untendanses.com\/index.php\/wp-json\/wp\/v2\/types\/page"}],"author":[{"embeddable":true,"href":"https:\/\/untendanses.com\/index.php\/wp-json\/wp\/v2\/users\/1"}],"replies":[{"embeddable":true,"href":"https:\/\/untendanses.com\/index.php\/wp-json\/wp\/v2\/comments?post=32"}],"version-history":[{"count":270,"href":"https:\/\/untendanses.com\/index.php\/wp-json\/wp\/v2\/pages\/32\/revisions"}],"predecessor-version":[{"id":5767,"href":"https:\/\/untendanses.com\/index.php\/wp-json\/wp\/v2\/pages\/32\/revisions\/5767"}],"wp:attachment":[{"href":"https:\/\/untendanses.com\/index.php\/wp-json\/wp\/v2\/media?parent=32"}],"curies":[{"name":"wp","href":"https:\/\/api.w.org\/{rel}","templated":true}]}}